 1161 and 594?
27
Calculate the greatest common divisor of 3060 and 3156900.
1020
What is the greatest common factor of 672 and 852?
12
What is the greatest common factor of 4514 and 74?
74
What is the highest common divisor of 122395 and 76665?
1345
Calculate the highest common factor of 62 and 56513.
31
What is the highest common factor of 576 and 64188?
36
Calculate the highest common divisor of 37104 and 1616.
16
Calculate the highest common divisor of 33580 and 46.
46
What is the greatest common divisor of 269 and 1060?
1
What is the highest common divisor of 103 and 32033?
103
Calculate the highest common factor of 49 and 387443.
49
What is the greatest common divisor of 63 and 444381?
21
Calculate the highest common divisor of 959082 and 57.
57
What is the greatest common divisor of 42456 and 7503?
183
What is the highest common factor of 89551 and 1001?
77
Calculate the highest common factor of 275 and 168245.
55
Calculate the greatest common divisor of 45445 and 488.
61
What is the greatest common factor of 428 and 92341?
107
What is the highest common divisor of 25122 and 21306?
318
Calculate the greatest common factor of 747238 and 3070.
614
What is the greatest common factor of 35 and 197225?
35
Calculate the highest common factor of 64 and 109744.
16
Calculate the highest common factor of 14145 and 1640.
205
What is the highest common divisor of 450 and 18756?
18
Calculate the greatest common divisor of 722 and 2195602.
722
Calculate the highest common divisor of 436 and 142354.
218
What is the highest common factor of 1385 and 125?
5
What is the highest common factor of 255 and 12045?
15
Calculate the greatest common factor of 297 and 597.
3
Calculate the greatest common divisor of 363 and 63041.
121
What is the highest common divisor of 8 and 44396?
4
Calculate the highest common factor of 964996 and 36.
4
What is the highest common factor of 1319505 and 1454?
727
Calculate the greatest common factor of 460 and 15985.
115
What is the greatest common divisor of 2326 and 30?
2
Calculate the greatest common factor of 31203 and 45.
9
What is the highest common factor of 142325 and 275?
25
Calculate the greatest common divisor of 142228 and 868.
124
Calculate the greatest common factor of 30282 and 3234.
294
What is the greatest common divisor of 85470 and 3894?
66
Calculate the highest common factor of 8145 and 765.
45
What is the highest common divisor of 46722 and 1248?
78
What is the greatest common divisor of 29 and 574374?
29
Calculate the highest common divisor of 3495 and 405.
15
Calculate the highest common factor of 337 and 112221.
337
Calculate the highest common factor of 264005 and 4367.
397
Calculate the greatest common divisor of 6202 and 461606.
886
Calculate the greatest common divisor of 17768 and 64.
8
What is the greatest common factor of 16755 and 120?
15
What is the highest common factor of 172103 and 177?
59
Calculate the greatest common divisor of 23838 and 6090.
174
What is the highest common factor of 5760 and 20070?
90
Calculate the greatest common factor of 81736 and 680.
136
Calculate the highest common divisor of 608 and 109216.
32
Calculate the greatest common divisor of 5124 and 92172.
12
What is the greatest common factor of 645 and 25843?
43
Calculate the greatest common divisor of 2765 and 1015.
35
What is the highest common factor of 5132980 and 124?
124
What is the highest common divisor of 39 and 22217?
13
What is the greatest common divisor of 48 and 24496?
16
What is the greatest common factor of 1324894 and 2586?
862
What is the highest common factor of 234 and 331682?
26
Calculate the greatest common factor of 2926 and 12698.
14
What is the greatest common divisor of 776 and 992?
8
What is the greatest common divisor of 31709 and 185?
37
What is the greatest common divisor of 6828 and 2868?
12
What is the greatest common divisor of 2928 and 12468?
12
Calculate the greatest common divisor of 13035 and 78684.
237
Calculate the greatest common factor of 2163 and 844291.
721
Calculate the greatest common factor of 6604 and 20228.
52
Calculate the highest common factor of 48 and 148824.
24
Calculate the greatest common factor of 62 and 349494.
62
Calculate the greatest common factor of 2990 and 78078.
26
Calculate the greatest common factor of 77451 and 231.
33
What is the greatest common divisor of 62387 and 65?
13
Calculate the greatest common factor of 181496 and 127788.
1852
What is the highest common factor of 2110486 and 8890?
1778
What is the greatest common divisor of 79003 and 1194?
199
Calculate the highest common factor of 480 and 308064.
96
Calculate the greatest common divisor of 9 and 26415.
9
What is the greatest common divisor of 392958 and 6?
6
What is the highest common divisor of 300078 and 6?
6
What is the highest common divisor of 7224 and 324?
12
What is the greatest common factor of 35354 and 66?
22
Calculate the highest common divisor of 3060 and 80820.
180
Calculate the greatest common divisor of 472 and 440.
8
Calculate the greatest common divisor of 12840 and 87720.
120
What is the highest common factor of 486 and 189054?
486
Calculate the highest common divisor of 220 and 64580.
20
What is the greatest common factor of 312 and 26637?
39
What is the highest common divisor of 2398564 and 1428?
476
Calculate the greatest common factor of 27122 and 1278.
142
Calculate the highest common factor of 47475 and 300.
75
What is the greatest common divisor of 116 and 31262?
58
Calculate the greatest common factor of 11298 and 879.
3
What is the greatest common divisor of 82 and 15826?
82
Calculate the highest common factor of 152257 and 3.
1
Calculate the greatest common factor of 382228 and 952.
476
Calculate the highest common divisor of 54 and 25794.
18
Calculate the greatest common divisor of 306 and 61149.
51
Calculate the highest common factor of 2085 and 615.
15
What is the highest common divisor of 1080 and 1635?
15
Calculate the highest common factor of 121600 and 228.
76
What is the greatest common factor of 2885476 and 11?
11
Calculate the greatest common factor of 584542 and 602.
602
What is the highest common factor of 1360954 and 1148?
574
What is the highest common divisor of 769 and 2892209?
769
What is the greatest common divisor of 1258 and 67?
1
Calculate the greatest common divisor of 1214346 and 29.
29
Calculate the greatest common factor of 613362 and 302.
302
Calculate the highest common divisor of 382900 and 7111.
547
What is the greatest common divisor of 21 and 120477?
21
What is the greatest common factor of 80 and 17845?
5
Calculate the highest common divisor of 82059 and 51.
51
What is the greatest common factor of 4631 and 3113?
11
What is the highest common factor of 175 and 126?
7
What is the greatest common divisor of 11100 and 5700?
300
Calculate the highest common factor of 2405 and 6290.
185
What is the highest common factor of 300 and 10330?
10
What is the greatest common divisor of 58 and 10672?
58
Calculate the greatest common divisor of 16701 and 57.
57
What is the highest common factor of 4435 and 9?
1
What is the highest common factor of 423 and 45731?
47
Calculate the highest common divisor of 2040 and 1007080.
680
Calculate the greatest common factor of 437 and 331759.
19
What is the greatest common factor of 454 and 202257?
227
What is the greatest common divisor of 1344 and 9786?
42
What is the highest common divisor of 90 and 53030?
10
Calculate the greatest common factor of 82300 and 220.
20
What is the highest common factor of 109250 and 380?
190
Calculate the greatest common divisor of 60 and 252990.
30
Calculate the greatest common divisor of 2448 and 69632.
272
Calculate the highest common divisor of 2275270 and 206.
206
Calculate the highest common divisor of 49059 and 11613.
237
Calculate the highest common divisor of 72 and 217472.
8
Calculate the greatest common divisor of 104 and 36868.
52
Calculate the highest common divisor of 7502 and 38236.
242
What is the highest common factor of 154644 and 5334?
42
What is the highest common factor of 1442 and 77?
7
Calculate the greatest common divisor of 44505 and 774.
387
What is the highest common divisor of 1112090 and 315?
35
Calculate the greatest common factor of 3073307 a